List the prime factors of 2708.
2, 677
What are the prime factors of 3383?
17, 199
What are the prime factors of 43502?
2, 21751
What are the prime factors of 21252?
2, 3, 7, 11, 23
List the prime factors of 573.
3, 191
What are the prime factors of 22667?
19, 1193
What are the prime factors of 10928?
2, 683
List the prime factors of 3921.
3, 1307
List the prime factors of 4747.
47, 101
List the prime factors of 333.
3, 37
List the prime factors of 13163.
13163
What are the prime factors of 13297?
13297
What are the prime factors of 1705?
5, 11, 31
List the prime factors of 5244.
2, 3, 19, 23
List the prime factors of 27699.
3, 7, 1319
What are the prime factors of 11144?
2, 7, 199
What are the prime factors of 119455?
5, 7, 3413
List the prime factors of 42901.
42901
What are the prime factors of 73136?
2, 7, 653
List the prime factors of 15730.
2, 5, 11, 13
List the prime factors of 5324.
2, 11
List the prime factors of 1217.
1217
What are the prime factors of 1241?
17, 73
What are the prime factors of 17537?
13, 19, 71
List the prime factors of 2266.
2, 11, 103
What are the prime factors of 1307?
1307
What are the prime factors of 374?
2, 11, 17
List the prime factors of 8055.
3, 5, 179
What are the prime factors of 2284?
2, 571
What are the prime factors of 19243?
7, 2749
What are the prime factors of 1813?
7, 37
What are the prime factors of 271?
271
What are the prime factors of 3235?
5, 647
What are the prime factors of 10779?
3, 3593
What are the prime factors of 58?
2, 29
List the prime factors of 17485.
5, 13, 269
What are the prime factors of 16041?
3, 5347
List the prime factors of 1796.
2, 449
List the prime factors of 3598.
2, 7, 257
List the prime factors of 741.
3, 13, 19
List the prime factors of 7874.
2, 31, 127
List the prime factors of 10993.
10993
What are the prime factors of 87?
3, 29
List the prime factors of 1059.
3, 353
What are the prime factors of 1685?
5, 337
What are the prime factors of 39019?
39019
List the prime factors of 11835.
3, 5, 263
List the prime factors of 2835.
3, 5, 7
What are the prime factors of 13792?
2, 431
What are the prime factors of 3060?
2, 3, 5, 17
List the prime factors of 5154.
2, 3, 859
List the prime factors of 12846.
2, 3, 2141
What are the prime factors of 605?
5, 11
List the prime factors of 3170.
2, 5, 317
What are the prime factors of 139447?
7, 11, 1811
What are the prime factors of 74198?
2, 23, 1613
List the prime factors of 1916.
2, 479
What are the prime factors of 10829?
7, 13, 17
What are the prime factors of 86695?
5, 7, 2477
What are the prime factors of 73965?
3, 5, 4931
What are the prime factors of 28568?
2, 3571
List the prime factors of 35218.
2, 17609
List the prime factors of 3713.
47, 79
List the prime factors of 1470.
2, 3, 5, 7
What are the prime factors of 6549?
3, 37, 59
What are the prime factors of 1628?
2, 11, 37
What are the prime factors of 33475?
5, 13, 103
List the prime factors of 76083.
3, 7, 3623
List the prime factors of 90986.
2, 7, 67, 97
List the prime factors of 19857.
3, 6619
List the prime factors of 9.
3
List the prime factors of 1048.
2, 131
What are the prime factors of 16000?
2, 5
List the prime factors of 46569.
3, 19, 43
What are the prime factors of 2611?
7, 373
What are the prime factors of 1740?
2, 3, 5, 29
List the prime factors of 9408.
2, 3, 7
List the prime factors of 2349.
3, 29
List the prime factors of 18467.
59, 313
List the prime factors of 3002.
2, 19, 79
List the prime factors of 10918.
2, 53, 103
What are the prime factors of 3602?
2, 1801
List the prime factors of 12155.
5, 11, 13, 17
List the prime factors of 4253.
4253
List the prime factors of 2474.
2, 1237
What are the prime factors of 359?
359
List the prime factors of 19420.
2, 5, 971
What are the prime factors of 63948?
2, 3, 73
What are the prime factors of 1423?
1423
What are the prime factors of 2394?
2, 3, 7, 19
List the prime factors of 43794.
2, 3, 811
What are the prime factors of 56512?
2, 883
List the prime factors of 5613.
3, 1871
What are the prime factors of 1936?
2, 11
What are the prime factors of 7601?
11, 691
List the prime factors of 13134.
2, 3, 11, 199
List the prime factors of 6496.
2, 7, 29
List the prime factors of 12917.
12917
What are the prime factors of 906?
2, 3, 151
List the prime factors of 797.
797
List the prime factors of 2361.
3, 787
List the prime factors of 1115.
5, 223
List the prime factors of 18.
2, 3
List the prime factors of 1409.
1409
What are the prime factors of 15105?
3, 5, 19, 53
What are the prime factors of 19769?
53, 373
What are the prime factors of 122531?
19, 6449
What are the prime factors of 106055?
5, 21211
List the prime factors of 1183.
7, 13
What are the prime factors of 63479?
13, 19, 257
What are the prime factors of 47?
47
What are the prime factors of 22728?
2, 3, 947
List the prime factors of 3406.
2, 13, 131
List the prime factors of 28771.
28771
What are the prime factors of 1661?
11, 151
List the prime factors of 28899.
3, 13, 19
List the prime factors of 43250.
2, 5, 173
What are the prime factors of 18813?
3, 6271
What are the prime factors of 8192?
2
What are the prime factors of 2970?
2, 3, 5, 11
List the prime factors of 5432.
2, 7, 97
What are the prime factors of 34?
2, 17
What are the prime factors of 18480?
2, 3, 5, 7, 11
What are the prime factors of 12819?
3, 4273
What are the prime factors of 628?
2, 157
List the prime factors of 449.
449
What are the prime factors of 9916?
2, 37, 67
What are the prime factors of 108?
2, 3
What are the prime factors of 2292?
2, 3, 191
What are the prime factors of 175?
5, 7
What are the prime factors of 51299?
43, 1193
What are the prime factors of 45532?
2, 11383
What are the prime factors of 82818?
2, 3, 43, 107
What are the prime factors of 60371?
73, 827
List the prime factors of 8302.
2, 7, 593
What are the prime factors of 51445?
5, 10289
List the prime factors of 7327.
17, 431
List the prime factors of 1736.
2, 7, 31
What are the prime factors of 991?
991
What are the prime factors of 65611?
7, 13, 103
List the prime factors of 32062.
2, 17, 23, 41
List the prime factors of 4614.
2, 3, 769
List the prime factors of 87034.
2, 43517
What are the prime factors of 1492?
2, 373
What are the prime factors of 42257?
42257
List the prime factors of 1988.
2, 7, 71
What are the prime factors of 9949?
9949
What are the prime factors of 39379?
53, 743
What are the prime factors of 19753?
19753
What are the prime factors of 6085?
5, 1217
What are the prime factors of 2026?
2, 1013
What are the prime factors of 1496?
2, 11, 17
List the prime factors of 8446.
2, 41, 103
List the prime factors of 37708.
2, 11, 857
List the prime factors of 25065.
3, 5, 557
List the prime factors of 24619.
7, 3517
List the prime factors of 647.
647
What are the prime factors of 194?
2, 97
What are the prime factors of 3967?
3967
What are the prime factors of 100565?
5, 20113
List the prime factors of 45.
3, 5
List the prime factors of 61775.
5, 7, 353
What are the prime factors of 5459?
53, 103
List the prime factors of 27825.
3, 5, 7, 53
What are the prime factors of 134?
2, 67
What are the prime factors of 1944?
2, 3
What are the prime factors of 73466?
2, 109, 337
What are the prime factors of 14431?
14431
What are the prime factors of 15074?
2, 7537
What are the prime factors of 6201?
3, 13, 53
What are the prime factors of 3118?
2, 1559
What are the prime factors of 1494?
2, 3, 83
List the prime factors of 1137.
3, 379
What are the prime factors of 18486?
2, 3, 13, 79
What are the prime factors of 219?
3, 73
List the prime factors of 732.
2, 3, 61
What are the prime factors of 40?
2, 5
What are the prime factors of 4435?
5, 887
List the prime factors of 1192.
2, 149
List the prime factors of 56218.
2, 28109
What are the prime factors of 110737?
11, 10067
What are the prime factors of 1416?
2, 3, 59
List the prime factors of 101633.
7, 14519
What are the prime factors of 2379?
3, 13, 61
What are the prime factors of 93879?
3, 19, 61
List the prime factors of 87553.
87553
What are the prime factors of 786?
2, 3, 131
What are the prime factors of 7846?
2, 3923
What are the prime factors of 21808?
2, 29, 47
List the prime factors of 3415.
5, 683
List the prime factors of 31568.